 derivative of -u**4/4 + 7*u**3/3 + u**2 - 10*u + 3. Let l be h(7). What is the units digit of z(l)?
6
Suppose -4*h - h + 40 = 0. Suppose 3*j + 5*s + 6 = -0*s, 4 = -2*j + s. Let r = j + h. What is the units digit of r?
6
Suppose 0*u + 4*u + 58 = 2*t, t - 50 = -5*u. Suppose l - t = -5*v, -3*l + 10*v - 5*v + 25 = 0. What is the tens digit of l?
1
Let b = 1 + 11. Let y = -7 + b. Suppose y*z + w - 23 = 0, 5*w - 4 - 1 = -3*z. What is the units digit of z?
5
Suppose 2*l - 33 = 63. What is the units digit of l?
8
Let t(x) = -7*x - 9. Let p be t(5). What is the tens digit of (10/(-20))/(2/p)?
1
Let a(o) be the second derivative of o**4/12 - 2*o**3/3 - 7*o**2/2 - 3*o. Let u be a(6). Suppose 2*n = n + u. What is the units digit of n?
5
Let y = 3 - 0. What is the units digit of 21*y/18*4?
4
Let f be 6/12 - (-10)/4. Suppose -l + 5 = 0, -x - f*l + 9 = -4*x. What is the units digit of x?
2
Suppose 9*l - 952 = l. What is the units digit of l?
9
Suppose -34 = -2*t + 2*a, 2*t = -5*a - 22 + 63. What is the units digit of t?
8
Suppose 0 = -7*t + 2*t + 30. Suppose 0 = -t*l + l - 25. What is the units digit of (4/l)/(14/(-245))?
4
Let x(k) = 5*k**2 - k. Let v be x(2). Let m be (v/3)/(2/3). Suppose -3*q + m = 3*t - 0, -5*q - t + 7 = 0. What is the units digit of q?
1
Let g = -1 + 51. Let j = g + -26. What is the tens digit of j?
2
Let n(j) = -j**2 - 5*j + 3. Let h be n(-5). Let z be 6/27 - (-16)/9. Suppose g - 1 = -z*v, -h*g - 3*v + 6 = 2*v. What is the units digit of g?
7
Suppose 4*q - 23 = -n, -n - 55 = -3*n + q. What is the tens digit of n?
2
Let g(u) = -u + 3. Suppose 2*b + 0*b = 8. Let j be g(b). Let l = j + 10. What is the units digit of l?
9
Suppose -2*w + 404 = 130. What is the units digit of w/9 - (-4)/(-18)?
5
Suppose 0 = z + 5 + 36. Let y = 61 + z. Suppose y - 6 = k - 3*j, -2*k = j - 7. What is the units digit of k?
5
Let a(c) = c**3 - 4*c**2 - 2. Let n be a(2). Let y(r) = -r + 3*r + 17 - r. What is the units digit of y(n)?
7
What is the units digit of (-4)/18 + 5054/63?
0
Suppose 46 = 6*j - 74. What is the tens digit of j?
2
Let m(c) = c**2 + c + 2. Let j be m(-2). Suppose v - j = -0*v, 0 = 2*p + 2*v - 16. What is the units digit of (8/10)/(p/20)?
4
Let h(i) = 10*i + 4. Let l(t) be the first derivative of 9*t**2/2 + 3*t + 2. Let n(f) = -5*h(f) + 6*l(f). What is the units digit of n(2)?
6
Suppose 5*s + 2*g = -15, 0*s + 5*s = g. Let p be 2/((-4)/90*s). Suppose 5 = -5*j + p. What is the units digit of j?
8
Let l = 116 - 21. What is the tens digit of l?
9
Suppose -h - 6 = -4*n, -5*n = 4*h - 13 - 5. What is the tens digit of 496/40 + h/(-5)?
1
Let s = -5 + 5. Suppose i = -2*p - 1 - 4, 3*i - p - 13 = s. What is the units digit of i?
3
Let d(c) = 2*c - 3. Let r be d(3). Suppose 2*x = -2*s + 16, -4*x + 5*x + 4*s - 11 = 0. Suppose -x = 5*j + r*m, 3*m + 8 = -j - 3. What is the units digit of j?
1
Suppose -m + 8 = 4*v, 5*v = -m + 5 + 6. What is the units digit of v?
3
Suppose -6*y + y = 15, -y + 303 = 3*u. What is the units digit of u?
2
Let r(c) = 3*c**2 + 3*c + 5. What is the tens digit of r(-2)?
1
Let j(t) = 6*t**2 - 1. Let x be j(-1). Let i be (-9)/(36/16) + 17. Let d = i - x. What is the units digit of d?
8
Let q = 22 - -16. What is the units digit of q?
8
Suppose 2*v - 10 = 2*r - 0*r, -v = 4*r. Suppose v*g = -g - 5. What is the units digit of (-4)/8*g*8?
4
Suppose 16 = 4*w, -w = 4*y + 3*w - 676. What is the units digit of y?
5
Let c be 2 + -11*(-2)/2. Suppose 0 = c*r - 12*r - 50. What is the units digit of r?
0
What is the tens digit of ((-42)/8)/(3/(-8))?
1
Suppose c = -3*c + 24. Suppose -c*q = -q - 35. What is the units digit of q?
7
Suppose -2*v - 5*g + 194 = 0, -3*v - g + 160 + 118 = 0. What is the tens digit of v?
9
Let f(k) = 14*k**2 - 3*k**2 + 15*k + 10 + k**3 + 6*k**2. What is the units digit of f(-16)?
6
Let v(k) = -k**3 - 4*k**2 + 5*k + 4. Suppose 8 = -3*g - 7. Let l be v(g). Suppose u = l*u - 27. What is the units digit of u?
9
Let u be -1 + -1*(2 + -4). Let z(q) = 22*q**3 - 2*q**2 + 1. What is the units digit of z(u)?
1
Let s = 55 + -18. Let a = s + -21. What is the tens digit of a?
1
Let k = -26 - -43. What is the units digit of k?
7
Suppose 6 = -2*q + 4*q. Suppose 2*l + 3*k = 57, -2*l - q*k = -8*k - 17. What is the units digit of l?
1
Let k(q) = -125 + q + 125. Let n(c) = -c - 2. Let t be n(-5). What is the units digit of k(t)?
3
Let l be ((-1)/(0 + 1))/1. Let d be 7/14*(1 + l). Suppose -3*u + 50 = -2*k, d*u + 30 = u - 4*k. What is the units digit of u?
4
Let u = -15 + 15. Suppose -3*b + 2 + 7 = u. What is the units digit of b?
3
Let a = -15 + 63. What is the tens digit of a?
4
Let d be 28/(-5)*20/(-8). Let f = 23 - d. What is the units digit of f?
9
Let x(g) = 31*g**2 + 2*g - 1. What is the units digit of x(1)?
2
Suppose 2*x - 5*k - 39 = 0, 8*x - 108 = 3*x + 2*k. What is the units digit of x?
2
Suppose -4*r = 2*f - 150, -2*f - f + 222 = 5*r. Let p = 115 - 22. Suppose -4*o = -3*l - p, 3*o - 5*l + 3*l = f. What is the tens digit of o?
2
Let y(s) = s**2 - 7*s + 5. Let r be y(6). Let j = r - -1. Suppose 0 = 2*c - j*c - 16. What is the units digit of c?
8
Let c = 18 - -2. What is the tens digit of c?
2
Let p be 9/5 + (-2)/(-10). What is the tens digit of 56/p - 2/2?
2
Let g be (-5)/4 + 6/24. What is the tens digit of g/4 - 49/(-4)?
1
Suppose -5*x = -0*x - 240. Suppose 6*q = 8*q - x. What is the tens digit of q?
2
Let p(w) = -w**3 + 6*w**2 + w - 12. What is the units digit of p(5)?
8
Suppose -3*j = g - 7*j - 239, -2*j + 6 = 0. What is the units digit of g?
1
Let o(v) = 5*v**2 + 4*v + 10. What is the tens digit of o(-3)?
4
Let x(m) be the first derivative of -m**5/120 + m**4/24 - 2*m**3/3 + 1. Let z(b) be the third derivative of x(b). What is the units digit of z(-5)?
6
Suppose -2*i + 21 = 5*s, 2*i + 0 = -s + 1. Let f = 1 - 5. Let x = s + f. What is the units digit of x?
1
Let x(y) = 7*y + 10. Let c be x(-8). What is the units digit of 2/((-4)/c*1)?
3
Suppose 1050 = -3*q - 2*q. Let n be (-1)/4 + q/24. What is the tens digit of (-2)/n - (-620)/45?
1
Let j(m) = m**3 + 4*m**2 - 5*m + 6. Let i be j(-5). Let g = i - 5. What is the units digit of g?
1
Let u = -2 - -3. Let y be 8 - u*2/(-2). What is the units digit of 48/9*y/6?
8
Suppose 3*a - 2*a - 76 = 0. What is the tens digit of a?
7
Suppose 0 = h - 36 + 7. What is the tens digit of h?
2
Suppose 0 = -p + 1 + 50. Suppose 0*u + p = 3*u. Suppose -16 = -5*b - 3*n + u, -2*n + 1 = b. What is the units digit of b?
9
Suppose -2*j - 6 = j. Let y be (-26)/(-10) - j/5. Suppose -2*x + y + 7 = 4*k, -4*k = -4. What is the units digit of x?
3
Suppose -2*d - 6 = -5*d. Let a be 48/d - (-4 - -2). Suppose 5 - a = -3*g. What is the units digit of g?
7
Let s(y) = -y**3 + 10*y**2 + y - 8. Let x = 20 + -10. What is the units digit of s(x)?
2
Let d(o) = -9*o - 20. What is the units digit of d(-6)?
4
Suppose -a - 18 = -s, -4*s - s - 5*a + 110 = 0. Let t be 19/4 + 5/s. Let q = t + -1. What is the units digit of q?
4
Let u be (-7)/(-35) + 9/5. Suppose u*g - 15 = 5. What is the tens digit of g?
1
Suppose 0 = 2*t + 4 + 10. Let i = 8 - t. What is the tens digit of i?
1
Let a(x) = -x**3 - 3*x**2 - x + 2. Let z be a(-2). Suppose z = -o - 3*o + 60. What is the tens digit of o?
1
Let l(y) = -227*y + 2. Let w be l(-2). What is the units digit of 4/(-6) + w/36?
2
Let d(k) = -k**3 + 7*k**2 + k + 1. Let u be d(8). Let c = u + 101. What is the tens digit of c?
4
Let s(y) = 73*y**2 - 3*y + 2. What is the units digit of s(1)?
2
Let i(u) = -u**2 + 6*u + 6. Let g(a) = a**3 - 4*a**2 - 5*a + 5. Let z be g(5). Let v be i(z). Let k = v - 4. What is the units digit of k?
7
Let o(d) = -d**3 - 4*d**2 - d - 4. Let a be o(-4). Let c be (-1 + 2 - a) + 35. What is the units digit of ((-2)/4)/((-6)/c)?
3
Let l(s) = -s**3 - 6*s**2 + 4. Suppose 6*i - 25 = i. Let m(k) = k**2 - 5*k - 6. Let g be m(i). What is the units digit of l(g)?
4
What is the tens digit of (87/58)/((-2)/(-152))?
1
Let b = -8 - -17. Let p = b - -8. What is the tens digit of p?
1
Let x = 27 - 23. What is the units digit of x?
4
Let g = -120 - -54. Let k be g/14 + 6/(-21). Let t(u) = -u**2 - 5*u + 7. What is the units digit of t(k)?
7
Let w(n) = n**2 + 9*n - 14. What is the units digit of w(6)?
6
Let b(h) = h**3 - 9*h**2 - h + 11. Let m(a) = a**2 - a - 3. Let k be m(3). Suppose -18 = -k*